nder when 134 is divided by 35?
29
Calculate the remainder when 250 is divided by 16.
10
What is the remainder when 193 is divided by 10?
3
What is the remainder when 85 is divided by 11?
8
What is the remainder when 318 is divided by 30?
18
What is the remainder when 561 is divided by 9?
3
Calculate the remainder when 228 is divided by 50.
28
What is the remainder when 2725 is divided by 27?
25
Calculate the remainder when 145 is divided by 37.
34
What is the remainder when 1153 is divided by 351?
100
What is the remainder when 1411 is divided by 236?
231
What is the remainder when 83 is divided by 42?
41
Calculate the remainder when 537 is divided by 108.
105
What is the remainder when 5038 is divided by 144?
142
What is the remainder when 167 is divided by 28?
27
Calculate the remainder when 7129 is divided by 230.
229
What is the remainder when 3554 is divided by 272?
18
What is the remainder when 133 is divided by 47?
39
What is the remainder when 197 is divided by 68?
61
Calculate the remainder when 755 is divided by 152.
147
Calculate the remainder when 29 is divided by 14.
1
What is the remainder when 941 is divided by 34?
23
Calculate the remainder when 54 is divided by 11.
10
Calculate the remainder when 32 is divided by 11.
10
Calculate the remainder when 292 is divided by 147.
145
What is the remainder when 166 is divided by 54?
4
Calculate the remainder when 120 is divided by 30.
0
What is the remainder when 331 is divided by 29?
12
Calculate the remainder when 374 is divided by 20.
14
What is the remainder when 656 is divided by 328?
0
What is the remainder when 229 is divided by 70?
19
Calculate the remainder when 330 is divided by 26.
18
Calculate the remainder when 97 is divided by 9.
7
What is the remainder when 346 is divided by 40?
26
What is the remainder when 448 is divided by 123?
79
What is the remainder when 58 is divided by 15?
13
Calculate the remainder when 159 is divided by 153.
6
What is the remainder when 162 is divided by 23?
1
Calculate the remainder when 316 is divided by 111.
94
What is the remainder when 692 is divided by 12?
8
Calculate the remainder when 143 is divided by 89.
54
Calculate the remainder when 92 is divided by 27.
11
What is the remainder when 32 is divided by 5?
2
What is the remainder when 807 is divided by 46?
25
Calculate the remainder when 10102 is divided by 163.
159
What is the remainder when 61 is divided by 37?
24
Calculate the remainder when 1855 is divided by 207.
199
What is the remainder when 425 is divided by 37?
18
Calculate the remainder when 2224 is divided by 21.
19
Calculate the remainder when 2740 is divided by 161.
3
What is the remainder when 202 is divided by 100?
2
Calculate the remainder when 2453 is divided by 45.
23
What is the remainder when 82 is divided by 12?
10
What is the remainder when 1493 is divided by 166?
165
What is the remainder when 76 is divided by 16?
12
Calculate the remainder when 3932 is divided by 19.
18
What is the remainder when 49 is divided by 3?
1
What is the remainder when 1212 is divided by 301?
8
Calculate the remainder when 65 is divided by 34.
31
Calculate the remainder when 2181 is divided by 115.
111
What is the remainder when 522 is divided by 57?
9
Calculate the remainder when 6129 is divided by 28.
25
What is the remainder when 391 is divided by 66?
61
What is the remainder when 313 is divided by 15?
13
What is the remainder when 442 is divided by 87?
7
Calculate the remainder when 133 is divided by 21.
7
What is the remainder when 93 is divided by 8?
5
What is the remainder when 93 is divided by 12?
9
Calculate the remainder when 174 is divided by 25.
24
Calculate the remainder when 157 is divided by 103.
54
Calculate the remainder when 689 is divided by 97.
10
What is the remainder when 2474 is divided by 75?
74
Calculate the remainder when 133 is divided by 91.
42
What is the remainder when 1259 is divided by 60?
59
Calculate the remainder when 565 is divided by 96.
85
Calculate the remainder when 164 is divided by 55.
54
Calculate the remainder when 177 is divided by 10.
7
What is the remainder when 108 is divided by 8?
4
Calculate the remainder when 27 is divided by 14.
13
What is the remainder when 125 is divided by 42?
41
What is the remainder when 123 is divided by 40?
3
What is the remainder when 454 is divided by 36?
22
What is the remainder when 41 is divided by 22?
19
Calculate the remainder when 5636 is divided by 2811.
14
What is the remainder when 1621 is divided by 79?
41
Calculate the remainder when 25599 is divided by 34.
31
What is the remainder when 2678 is divided by 669?
2
What is the remainder when 111 is divided by 30?
21
Calculate the remainder when 138 is divided by 17.
2
What is the remainder when 382 is divided by 48?
46
What is the remainder when 466 is divided by 221?
24
Calculate the remainder when 212 is divided by 132.
80
What is the remainder when 566 is divided by 185?
11
Calculate the remainder when 2619 is divided by 20.
19
What is the remainder when 41 is divided by 7?
6
Calculate the remainder when 79 is divided by 30.
19
Calculate the remainder when 411 is divided by 20.
11
Calculate the remainder when 1502 is divided by 304.
286
What is the remainder when 307 is divided by 81?
64
Calculate the remainder when 303 is divided by 131.
41
Calculate the remainder when 4005 is divided by 4.
1
What is the remainder when 1122 is divided by 126?
114
What is the remainder when 974 is divided by 122?
120
What is the remainder when 166 is divided by 8?
6
What is the remainder when 332 is divided by 48?
44
Calculate the remainder when 78 is divided by 21.
15
What is the remainder when 201 is divided by 103?
98
Calculate the remainder when 62 is divided by 35.
27
Calculate the remainder when 76 is divided by 29.
18
Calculate the remainder when 67 is divided by 40.
27
What is the remainder when 175 is divided by 3?
1
What is the remainder when 48 is divided by 29?
19
What is the remainder when 37 is divided by 22?
15
What is the remainder when 81 is divided by 21?
18
What is the remainder when 703 is divided by 16?
15
Calculate the remainder when 108 is divided by 38.
32
Calculate the remainder when 162 is divided by 35.
22
What is the remainder when 24 is divided by 13?
11
Calculate the remainder when 362 is divided by 21.
5
What is the remainder when 168 is divided by 38?
16
Calculate the remainder when 2833 is divided by 35.
33
What is the remainder when 121 is divided by 25?
21
What is the remainder when 298 is divided by 50?
48
Calculate the remainder when 103 is divided by 44.
15
Calculate the remainder when 150 is divided by 68.
14
Calculate the remainder when 83 is divided by 79.
4
What is the remainder when 542 is divided by 15?
2
What is the remainder when 284 is divided by 48?
44
What is the remainder when 10 is divided by 5?
0
What is the remainder when 818 is divided by 52?
38
Calculate the remainder when 1113 is divided by 315.
168
What is the remainder when 7949 is divided by 265?
264
What is the remainder when 520 is divided by 250?
20
Calculate the remainder when 194 is divided by 59.
17
What is the remainder when 2359 is divided by 183?
163
What is the remainder when 139 is divided by 65?
9
Calculate the remainder when 371 is divided by 17.
14
What is the remainder when 298 is divided by 50?
48
Calculate the remainder when 420 is divided by 205.
10
What is the remainder when 2889 is divided by 1443?
3
What is the remainder when 730 is divided by 7?
2
What is the remainder when 123 is divided by 45?
33
What is the remainder when 10712 is divided by 3567?
11
Calculate the remainder when 419 is divided by 12.
11
What is the remainder when 71 is divided by 6?
5
What is the remainder when 110 is divided by 23?
18
What is the remainder when 2846 is divided by 40?
6
What is the remainder when 716 is divided by 45?
41
Calculate the remainder when 194 is divided by 49.
47
Calculate the remainder when 464 is divided by 6.
2
Calculate the remainder when 1702 is divided by 61.
55
Calculate the remainder when 839 is divided by 416.
7
What is the remainder when 589 is divided by 16?
13
What is the remainder when 390 is divided by 14?
12
What is the remainder when 83 is divided by 4?
3
What is the r